?
False
Does 259 divide 202279?
True
Is 166 a factor of 8085030?
True
Is 16 a factor of 1654710?
False
Does 18 divide 829656?
True
Does 107 divide 141379?
False
Is 96 a factor of 220191?
False
Does 354 divide 63012?
True
Does 696 divide 1675968?
True
Is 436008 a multiple of 103?
False
Does 150 divide 1219200?
True
Is 137 a factor of 6446331?
False
Is 1338330 a multiple of 14?
True
Is 33 a factor of 2941752?
True
Does 10 divide 7062320?
True
Does 827 divide 18012?
False
Does 44 divide 9372?
True
Does 46 divide 15548?
True
Is 421 a factor of 283641?
False
Does 115 divide 40804?
False
Does 239 divide 755458?
False
Is 12348 a multiple of 147?
True
Does 9 divide 1398709?
False
Does 48 divide 176448?
True
Is 217063 a multiple of 8?
False
Does 3 divide 316905?
True
Is 285870 a multiple of 65?
True
Is 4414095 a multiple of 21?
True
Is 544160 a multiple of 323?
False
Is 144 a factor of 456480?
True
Does 38 divide 8292?
False
Does 266 divide 1945258?
True
Does 220 divide 627000?
True
Is 160888 a multiple of 17?
True
Is 395577 a multiple of 117?
True
Is 822601 a multiple of 44?
False
Is 3478694 a multiple of 1193?
False
Is 240464 a multiple of 56?
True
Is 1865430 a multiple of 47?
True
Is 22547805 a multiple of 21?
True
Does 15 divide 407880?
True
Does 896 divide 24258304?
True
Is 3 a factor of 1323?
True
Is 14 a factor of 2334836?
True
Does 252 divide 3043404?
True
Does 150 divide 1582617?
False
Does 17 divide 711787?
False
Is 1067921 a multiple of 42?
False
Is 17 a factor of 1051110?
True
Is 30 a factor of 16189?
False
Is 17 a factor of 12692885?
False
Does 677 divide 364903?
True
Is 12100490 a multiple of 52?
False
Is 377659 a multiple of 9?
False
Does 4 divide 5899?
False
Does 49 divide 218491?
True
Is 17805774 a multiple of 13?
False
Does 31 divide 13576654?
False
Does 2 divide 156368?
True
Is 9 a factor of 158327?
False
Does 28 divide 11956?
True
Is 5722216 a multiple of 454?
True
Is 391435 a multiple of 576?
False
Does 171 divide 200591?
False
Is 264422 a multiple of 7?
False
Does 598 divide 755387?
False
Is 317634 a multiple of 317?
True
Is 3722971 a multiple of 7?
True
Does 21 divide 5884410?
True
Is 279334 a multiple of 155?
False
Does 126 divide 4307399?
False
Is 44633 a multiple of 30?
False
Is 38 a factor of 12554?
False
Is 171234 a multiple of 2?
True
Is 177171 a multiple of 29?
False
Is 11 a factor of 126819?
True
Is 431 a factor of 235757?
True
Is 20171138 a multiple of 299?
True
Does 27 divide 2866160?
False
Does 272 divide 2632144?
True
Does 9 divide 1297829?
False
Is 6 a factor of 29122?
False
Is 365568 a multiple of 12?
True
Is 3 a factor of 48908?
False
Is 15821118 a multiple of 153?
True
Does 194 divide 2593586?
True
Is 89 a factor of 176788?
False
Is 880872 a multiple of 381?
True
Does 1288 divide 2722370?
False
Is 21838 a multiple of 137?
False
Is 77706 a multiple of 20?
False
Is 5353 a multiple of 4?
False
Is 93234 a multiple of 123?
True
Does 2 divide 14726?
True
Does 1118 divide 22927944?
True
Is 590 a factor of 290671?
False
Does 31 divide 1160857?
True
Is 111 a factor of 728049?
True
Is 19 a factor of 732906?
True
Is 23 a factor of 246739?
False
Does 81 divide 418041?
True
Is 1208112 a multiple of 48?
True
Does 633 divide 170277?
True
Is 299 a factor of 415095?
False
Is 247 a factor of 74100?
True
Is 101200 a multiple of 220?
True
Does 12 divide 22722864?
True
Is 65 a factor of 206375?
True
Is 10 a factor of 1930?
True
Is 18 a factor of 769914?
True
Is 73374 a multiple of 14?
True
Is 57 a factor of 467970?
True
Is 11 a factor of 859886?
False
Is 1241 a factor of 5842628?
True
Does 38 divide 3336585?
False
Is 4671 a multiple of 26?
False
Is 93070 a multiple of 410?
True
Does 16 divide 632706?
False
Does 669 divide 3480807?
True
Does 6 divide 1433349?
False
Does 2330 divide 24621110?
True
Is 146817 a multiple of 125?
False
Is 18998535 a multiple of 213?
True
Does 364 divide 752867?
False
Is 397532 a multiple of 298?
True
Is 32 a factor of 3744605?
False
Is 368256 a multiple of 328?
False
Is 4576155 a multiple of 25?
False
Is 419600 a multiple of 50?
True
Is 2009426 a multiple of 9?
False
Is 287461 a multiple of 91?
False
Is 34776 a multiple of 126?
True
Is 190015 a multiple of 214?
False
Is 423774 a multiple of 18?
True
Is 4539 a multiple of 89?
True
Does 7 divide 60726?
False
Is 64928 a multiple of 4?
True
Is 6561252 a multiple of 102?
True
Is 112 a factor of 2162660?
False
Does 13 divide 5755622?
False
Is 12 a factor of 170316?
True
Is 354 a factor of 294528?
True
Is 26 a factor of 523902?
False
Is 21 a factor of 2076452?
False
Is 408 a factor of 3315408?
True
Does 497 divide 40773?
False
Does 573 divide 214724?
False
Is 52280 a multiple of 3?
False
Does 369 divide 245016?
True
Is 14963032 a multiple of 19?
True
Is 399709 a multiple of 9?
False
Does 425 divide 13848511?
False
Does 19 divide 194999?
False
Is 388 a factor of 4086517?
False
Does 49 divide 88494?
True
Does 12 divide 191180?
False
Is 663101 a multiple of 9?
False
Does 187 divide 2035121?
True
Is 10673586 a multiple of 1309?
True
Is 890 a factor of 20017880?
True
Is 25 a factor of 1365831?
False
Does 9 divide 794705?
False
Is 3 a factor of 1692?
True
Is 60 a factor of 104300?
False
Is 20826 a multiple of 18?
True
Is 3306468 a multiple of 407?
True
Is 697369 a multiple of 12?
False
Does 85 divide 71317?
False
Is 69255 a multiple of 513?
True
Is 4109579 a multiple of 83?
True
Is 6072502 a multiple of 647?
False
Does 590 divide 3928220?
True
Does 159 divide 17413998?
True
Is 4145310 a multiple of 390?
True
Does 10 divide 7894880?
True
Does 2 divide 84909?
False
Is 6 a factor of 361201?
False
Is 6 a factor of 173014?
False
Is 754686 a multiple of 5?
False
Is 820 a factor of 12788977?
False
Is 2 a factor of 20713?
False
Is 808582 a multiple of 10?
False
Is 315048 a multiple of 22?
False
Is 369006 a multiple of 8?
False
Does 21 divide 10160?
False
Is 2395 a factor of 23007115?
False
Does 283 divide 223004?
True
Is 45 a factor of 9540?
True
Is 680278 a multiple of 28?
False
Is 15 a factor of 84088?
False
Does 26 divide 1160718?
True
Does 248 divide 637430?
False
Is 16 a factor of 560340?
False
Is 4041283 a multiple of 16?
False
Is 51 a factor of 474453?
True
Is 4543598 a multiple of 12?
False
Is 95 a factor of 6862515?
True
Is 847700 a multiple of 173?
True
Is 32 a factor of 415936?
True
Does 220 divide 316580?
True
Does 1053 divide 2180917?
False
Is 9675544 a multiple of 173?
True
Does 94 divide 188564?
True
Is 40658 a multiple of 14?
False
Is 726 a factor of 16737327?
False
Is 18 a factor of 13844286?
True
Does 12 divide 458628?
True
Is 87 a factor of 182037?
False
Is 68 a factor of 13777?
False
Is 16 a factor of 131433?
False
Does 70 divide 66500?
True
Is 14 a factor of 15803665?
False
Is 5 a factor of 3644704?
False
Does 25 divide 172150?
True
Does 46 divide 3385186?
True
Is 17406 a multiple of 9?
True
Is 29 a factor of 38889?
True
Does 557 divide 1729205?
False
Does 70 divide 194347?
False
Is 1126 a factor of 10789332?
True
Is 399052 a multiple of 3?
False
Is 82 a factor of 8374414?
True
Is 166233 a multiple of 177?
False
Is 1657511 a multiple of 73?
False
Does 46 divide 193041?
False
Does 1504 divide 27768945?
False
Is 101589 a multiple of 92?
False
Does 6 divide 563697?
False
Is 64 a factor of 280512?
True
Does 9 divide 755022?
False
Is 2 a factor of 1218491?
False
Does 14 divide 2727226?
False
Does 182 divide 106161?
False
Is 306775 a multiple of 33?
False
Is 26 a factor of 9889745?
False
Is 6452336 a multiple of 16?
True
Is 106 a factor of 529514?
False
Is 1414230 a multiple of 15?
True
Is 72 a factor of 155209?
False
Does 4 divide 3995?
False
Is 25 a factor of 130175?
True
Is 833406 a multiple of 10?
False
Does 24 divide 736850?
False
Does 1213 divide 2821438?
True
Is 85 a factor of 3904475?
True
Is 44 a factor of 880414?
False
Is 48 a factor of 8726427?
False
Is 443761 a multiple of 22?
False
Is 5087747 a multiple of 413?
True
Is 54715 a multiple of 26?
False
Is 3 a factor of 619284?
True
Does 40 divide 847720?
True
Is 410 a factor of 11055650?
True
Does 2 divide 106906?
True
Does 474 divide 1192442?
False
Is 8459 a multiple of 11?
True
Is 1453010 a multiple of 366?
False
Is 595 a factor of 7171008?
False
Does 29 divide 623050?
False
Does 250 divide 133801